3 + i**2 - 140*i - 473. Calculate the remainder when m(-10) is divided by 9.
0
Let s(y) = 13*y**2 - 56*y + 381. Calculate the remainder when s(7) is divided by 29.
17
Suppose -32 = -w - 3*w - 4*y, 2*y = 4. Let d = -892 + 897. Suppose -6*p + d*p + 28 = b, 4*b - p = 87. What is the remainder when b is divided by w?
5
Let t(g) = 93*g + 484. Let k be (-298)/(-6) - 16/24. Suppose 0 = -2*d - 5*m + 80, -m + k = 4*d - 93. Calculate the remainder when d is divided by t(-5).
16
What is the remainder when 1911 - 7*(-152)/56 is divided by 63?
40
Suppose -5*z + 113 = -0*z + 2*p, -92 = -4*z - 2*p. What is the remainder when 18720/256 - 1/8 is divided by z?
10
Suppose 7*f - 297 = -2*f. Suppose -32*i + 5 = -f*i. Calculate the remainder when 106 is divided by ((-44)/i)/((-6)/(-15)).
18
Suppose -21*b = 43*b - 104192. Calculate the remainder when b is divided by 16.
12
Let l be 1005/25 - ((-33)/(-15) - 3). Suppose -85*z = -84*z - l. What is the remainder when z is divided by 4*(-1 + 15/4)?
8
Suppose 0 = -4*c + 4*w + 164, 2*c + 3*w + 26 - 113 = 0. Suppose 18*z - 17*z + 3*a - c = 0, z - 46 = -4*a. Calculate the remainder when z is divided by 14.
2
Suppose a - 28 = -o, -2*o + o + a + 30 = 0. Let k be (-1*1)/((-5)/505). Suppose -o = -d + k. What is the remainder when d is divided by 44?
42
Suppose 3*p + 272 = 4*n, -53*p + 54*p - 146 = -2*n. Calculate the remainder when 193 is divided by n.
51
Suppose 0 = 3*h - 12. Suppose 5*c - h*c = 11. Suppose 1825*l + 168 = 1829*l. Calculate the remainder when l is divided by c.
9
Suppose -3*v = -4*h - 5418, 7*h - 1813 = -v + 6*h. Suppose 31*a - v = 26*a. What is the remainder when a is divided by 33?
32
What is the remainder when (-2 + 221/3 + 3)*3 is divided by (-70)/(-6)*(-171)/(-133)?
14
Suppose -14*a - 16 = -15*a + 4*g, -5*g = -3*a + 20. Suppose a = 13*w - 5*w - 48. Calculate the remainder when 147 is divided by w.
3
Suppose -2483*v - 624 = -2*o - 2479*v, 5*o + 5*v = 1470. Suppose -z = -2*d - 21, -3*d + 24 = z - 8*d. What is the remainder when o is divided by z?
15
Suppose -557*s + 4650 = -552*s. Calculate the remainder when s is divided by 10.
0
Calculate the remainder when 608 is divided by ((-26)/4)/(((-300)/(-24))/(-25)).
10
Let w(z) = 6*z**2 - 9*z - 9. Let q be w(-9). Let s = 629 - q. What is the remainder when s is divided by 26?
19
Suppose 2*n + 0*n - 38 = 0. Suppose -4*h - 5*l + 243 = 0, -3*l = 27*h - 32*h + 239. Calculate the remainder when h is divided by n.
14
Calculate the remainder when -2 + -5 - (-4 - 480/8) is divided by 16.
9
Suppose v + 123 = 3*a - 41, -3*a + 331 = -2*v. Let c = v + 267. Calculate the remainder when c is divided by 27.
19
Suppose r = 4*l + 1091, 10*r = r - 3*l + 10092. Calculate the remainder when r is divided by 24.
15
Suppose 6 = -3*r, 4*r = -3*a + 109 - 378. Suppose f - q = 0, 4*q = 4*f + 2*q - 4. What is the remainder when 83 is divided by 2*f/1*a/(-12)?
25
Let l(x) = 1138*x - 16513. Calculate the remainder when l(15) is divided by 22.
7
Calculate the remainder when 344 is divided by (1 - 2)*(-129 + 50).
28
Suppose 14*t + 4*t - 8550 = 0. Let l = -270 + t. Calculate the remainder when l is divided by 8.
5
Let d(t) = 2*t**3 + 9*t**2 - 22*t + 123. What is the remainder when 926 is divided by d(-7)?
30
Let z = 82 - 80. Suppose 4*f = -2*g + 100, 3*f = z*g + 5*f - 108. What is the remainder when g is divided by 15?
13
Suppose -14 = -4*g + 130. Suppose -45 = -3*t + g. Suppose 2*b = -4*y + 158, -b + 0*y = 5*y - 79. What is the remainder when b is divided by t?
25
Suppose 0 = -163*y + 13740 + 37116. Calculate the remainder when y is divided by 39.
0
Let s be 120/66 + (-2)/(-11). Suppose -s = 4*x - 6. Suppose 60 = n + x. Calculate the remainder when n is divided by 12.
11
Let t be 4 + (-4 - -3)*2. Suppose 0*m = -t*m + 1102. What is the remainder when m/7 - (-2)/7 is divided by 20?
19
Suppose 7139 + 890 = 31*s. What is the remainder when 519 is divided by s?
1
Let h(o) = 2*o - 15. Let k(l) = -6*l + 45. Let p(n) = 8*h(n) + 3*k(n). Let y be p(2). Suppose -y - 1 = -4*c. Calculate the remainder when 18 is divided by c.
0
Suppose -g = -3*k + 2*g + 15, 3*g = 3. Suppose k*t + 99 = -99. What is the remainder when ((-7092)/t)/6 + (-4)/(-22) is divided by 19?
17
Let i(h) = -2770*h - 11052. Calculate the remainder when 11618 is divided by i(-4).
26
Suppose -3*y + 4253 = 4*u, 4*u + 4710 = 4*y - 1026. Calculate the remainder when y is divided by 44.
19
Suppose -4*a + 3*d + 66 = 0, 3*a - 5*d - 18 = 37. Suppose a*z + 13*z = 6244. What is the remainder when z is divided by 112/21*(-42)/(-4)?
55
Let c be (6 - 2) + 11*1. Let t(k) = k**3 - 16*k**2 + 20*k - 15. Let r = 50 - 29. What is the remainder when t(c) is divided by r?
18
Calculate the remainder when -7 - (1 - 18) - (-28 + -3) is divided by 17.
7
Calculate the remainder when ((-10)/((-20)/6) + -1836)*-1 is divided by 153.
150
Let u(t) be the second derivative of t**3/3 + 37*t**2 + 146*t. What is the remainder when u(10) is divided by 12?
10
Let c(b) = b**3 - 4*b**2 - 19*b - 10. Let n be c(7). Let u = n + -2. Calculate the remainder when 420/8*u + -1 + -1 is divided by 26.
25
Let x(s) = -428*s**3 - s**2 + s + 3. Let c be x(-1). Let f = -295 + c. What is the remainder when f/1 - 1*3 is divided by 45?
41
Suppose 0 = 5*n + 4*z - 7829, -4*z + 3060 + 7907 = 7*n. What is the remainder when n is divided by 71?
7
Suppose 0 = 371*d + 8171 - 34512. What is the remainder when 8091 is divided by d?
68
Let m = 11096 - 3347. What is the remainder when m is divided by 50?
49
Let i = 734 + -587. Calculate the remainder when 420 is divided by i.
126
Calculate the remainder when 482 is divided by ((-3 - -1) + (-92)/(-18))*360/80.
6
Let d = 69 + -65. Suppose -10*g = -d*g - 90. Calculate the remainder when 193 is divided by g.
13
Suppose 2*m + 45 = 11*m. Suppose 2*s + m*l - 12 = -0*l, 0 = -2*s + 3*l - 4. Suppose 0 = -c + 2 + s. Calculate the remainder when 9 is divided by c.
0
Let m(p) = -14*p + 292. What is the remainder when m(-17) is divided by 13?
10
Let n = -18380 - -20935. What is the remainder when n is divided by 14?
7
Suppose 0 = -31*i + 2897 + 389. Calculate the remainder when 280 is divided by i.
68
Let t(d) = 16*d - 220. What is the remainder when t(17) is divided by (-3 + 63/12)*12?
25
Let g(z) = 16*z**2 - 94*z + 4. Calculate the remainder when 34 is divided by g(6).
2
Let r(k) = -k**2 - 40*k + 89. Let b be r(-33). Suppose b = 8*v - 1048. What is the remainder when v is divided by 87?
84
Suppose 776 = 27*b - 574. What is the remainder when 394 is divided by b?
44
Suppose 34*n - 57*n + 2432 = -4*n. Calculate the remainder when 1135 is divided by n.
111
Let u(f) = f**3 + 10*f**2 + 12*f + 1. Suppose 12 = 3*y + 5*q + 61, -3*y - 3*q = 39. Calculate the remainder when u(y) is divided by 7.
5
Suppose -o + 3*c - 576 = -50, c = o + 522. Let p = -473 - o. What is the remainder when 231 is divided by p?
43
Let h(w) = -w**3 + 4*w**2 + 8*w - 5. Calculate the remainder when 70 is divided by h(4).
16
Let h = -100 - -158. Suppose -5*j - 4*k + 884 = 0, -524*k = 4*j - 522*k - 700. What is the remainder when j is divided by h?
56
Suppose -203*x + 3*f = -200*x - 1401, 3*x - 1413 = f. Calculate the remainder when x is divided by 180.
113
Let k(g) = 219*g - 163. Calculate the remainder when k(7) is divided by 69.
59
Suppose -15*k = -11*k + 3*i + 31, -4*k - 49 = -3*i. What is the remainder when 106 is divided by k/4*(7 + 473/(-55))?
2
Let n(m) = 5*m**2 - 5*m**2 + 37 - 17*m + 12 + m**2. Let x(d) = -2*d + 5. Calculate the remainder when x(-3) is divided by n(14).
4
Let b(k) = 8*k**2 + 32*k + 63. What is the remainder when b(-6) is divided by 20?
19
Let m = 437 + -389. Suppose -5*z = -m - 82. What is the remainder when 258 is divided by z?
24
Let r = -1114 + 1399. What is the remainder when r is divided by 6?
3
Suppose 14*v = -3*z + 397, -4*z + 106 = 2*v + 60. Let b = 5 + -3. Suppose -b*s = -3*s + 6. What is the remainder when v is divided by s?
5
Let m = -14 - -31. Suppose 2*z - 49 = -3*x - 6, -3*z + 71 = 5*x. Suppose -1809 = -x*n - 14*n. What is the remainder when n is divided by m?
16
Suppose 0 = 2*l + 2*i - 1776, -2*l - 194*i + 191*i + 1778 = 0. What is the remainder when 1792 is divided by l?
20
Suppose 0*n - 4*n = -2*m + 20, 5*m - 5*n = 30. What is the remainder when (-71)/m*(-8)/4 i